{"id":2,"date":"2021-06-22T11:44:49","date_gmt":"2021-06-22T09:44:49","guid":{"rendered":"https:\/\/bekatec-baukasten.de\/05\/?page_id=2"},"modified":"2022-05-17T14:09:05","modified_gmt":"2022-05-17T12:09:05","slug":"startseite","status":"publish","type":"page","link":"https:\/\/bekatec-baukasten.de\/05\/","title":{"rendered":"Girlz Rulez"},"content":{"rendered":"\n<h2 class=\"has-text-align-center mb-md-3 mb-2 wp-block-heading\" id=\"bekatec-website-baukasten-demo\">Topmodische Accessoires f\u00fcr woke Twens<\/h2>\n\n\n\n<p class=\"has-text-align-center\">Auf Nachhaltigkeit ausgerichtete, fair gehandelte Accessoires sind langweilig? Nicht mit uns! Ob f\u00fcr Work, Leisure, f\u00fcr die Uni, die City, das Gym, f\u00fcr den Rave, f\u00fcr den Strand &#8211; wir haben die woken Accessoires, die zu Deinem Style passen. Jung, frech und topmodisch.<\/p>\n\n\n\n<p class=\"has-text-align-center\">Entdecke unser Sortiment: Handtaschen, Geschenkartikel, G\u00fcrtel, Uhren, Parfum und Schmuck, mit denen Du Deinen Respekt f\u00fcr Natur, Mitmenschen und den Planeten lebst und modisch perfekt im Trend liegst!<\/p>\n\n\n\n<div class=\"wp-block-columns alignfull testimonial my-lg-5 my-md-4 my-3 p-lg-5 p-md-4 p-3 has-background is-layout-flex wp-container-core-columns-is-layout-1 wp-block-columns-is-layout-flex\" style=\"background-color:#000000\">\n<div class=\"wp-block-column is-layout-flow wp-block-column-is-layout-flow\">\n<p class=\"has-text-align-center testimonial-txt mb-0 has-white-color has-text-color\">&#8222;Woke Mode ist langweilig? Nicht mit uns!&#8220;<\/p>\n\n\n\n<p class=\"has-text-align-center mb-0 has-white-color has-text-color\">Girlz Rulez<\/p>\n<\/div>\n<\/div>\n\n\n\n<div class=\"wp-block-columns mb-0 is-layout-flex wp-container-core-columns-is-layout-2 wp-block-columns-is-layout-flex\">\n<div class=\"wp-block-column media-txt-column mb-md-3 mb-3 is-layout-flow wp-block-column-is-layout-flow\">\n<div class=\"wp-block-media-text is-stacked-on-mobile\"><figure class=\"wp-block-media-text__media\"><img loading=\"lazy\" decoding=\"async\" width=\"1000\" height=\"1000\" src=\"https:\/\/bekatec-baukasten.de\/05\/wp-content\/uploads\/sites\/8\/2022\/03\/fashion_product_1_neu.jpg\" alt=\"\" class=\"wp-image-585 size-full\" srcset=\"https:\/\/bekatec-baukasten.de\/05\/wp-content\/uploads\/sites\/8\/2022\/03\/fashion_product_1_neu.jpg 1000w, https:\/\/bekatec-baukasten.de\/05\/wp-content\/uploads\/sites\/8\/2022\/03\/fashion_product_1_neu-300x300.jpg 300w, https:\/\/bekatec-baukasten.de\/05\/wp-content\/uploads\/sites\/8\/2022\/03\/fashion_product_1_neu-150x150.jpg 150w, https:\/\/bekatec-baukasten.de\/05\/wp-content\/uploads\/sites\/8\/2022\/03\/fashion_product_1_neu-768x768.jpg 768w\" sizes=\"(max-width: 1000px) 100vw, 1000px\" \/><\/figure><div class=\"wp-block-media-text__content\">\n<h3 class=\"wp-block-heading\" id=\"lorem-ipsum\">Geschenkartikel<\/h3>\n\n\n\n<p class=\"mb-0\">Nachhaltige, fair gehandelte Geschenkartikel. Duftkerzen, R\u00e4ucherst\u00e4bchen, vegane Kunstlederetuis f\u00fcr Sonnenbrillen und Mobiles, Korpusse 100 % biologisch abbaubar, Metallapplikationen recycelbar.<\/p>\n\n\n\n<div class=\"wp-block-buttons is-layout-flex wp-block-buttons-is-layout-flex\">\n<div class=\"wp-block-button is-style-fill\"><a class=\"wp-block-button__link\">Entdecke woke Geschenkartikel&#8230;<\/a><\/div>\n<\/div>\n<\/div><\/div>\n<\/div>\n\n\n\n<div class=\"wp-block-column media-txt-column mb-md-3 mb-3 is-layout-flow wp-block-column-is-layout-flow\">\n<div class=\"wp-block-media-text is-stacked-on-mobile\"><figure class=\"wp-block-media-text__media\"><img loading=\"lazy\" decoding=\"async\" width=\"1000\" height=\"1000\" src=\"https:\/\/bekatec-baukasten.de\/05\/wp-content\/uploads\/sites\/8\/2022\/01\/fashion_product_2.jpg\" alt=\"\" class=\"wp-image-550 size-full\" srcset=\"https:\/\/bekatec-baukasten.de\/05\/wp-content\/uploads\/sites\/8\/2022\/01\/fashion_product_2.jpg 1000w, https:\/\/bekatec-baukasten.de\/05\/wp-content\/uploads\/sites\/8\/2022\/01\/fashion_product_2-300x300.jpg 300w, https:\/\/bekatec-baukasten.de\/05\/wp-content\/uploads\/sites\/8\/2022\/01\/fashion_product_2-150x150.jpg 150w, https:\/\/bekatec-baukasten.de\/05\/wp-content\/uploads\/sites\/8\/2022\/01\/fashion_product_2-768x768.jpg 768w\" sizes=\"(max-width: 1000px) 100vw, 1000px\" \/><\/figure><div class=\"wp-block-media-text__content\">\n<h3 class=\"wp-block-heading\" id=\"lorem-ipsum\">Taschen<\/h3>\n\n\n\n<p>Handtasche Boxed im aktuellen Earth-Tone-Look. Korpus und Riemen aus veganem Kunstleder, 100 % biologisch abbaubar. Metallteile unlackiert, Kupfer und Messing.<\/p>\n\n\n\n<div class=\"wp-block-buttons is-layout-flex wp-block-buttons-is-layout-flex\">\n<div class=\"wp-block-button\"><a class=\"wp-block-button__link\">Entdecke unser Taschensortiment&#8230;<\/a><\/div>\n<\/div>\n<\/div><\/div>\n<\/div>\n<\/div>\n\n\n\n<div class=\"wp-block-columns my-lg-5 my-md-4 my-0 is-layout-flex wp-container-core-columns-is-layout-3 wp-block-columns-is-layout-flex\">\n<div class=\"wp-block-column media-txt-column mb-md-3 mb-3 is-layout-flow wp-block-column-is-layout-flow\">\n<div class=\"wp-block-media-text has-media-on-the-right is-stacked-on-mobile\"><figure class=\"wp-block-media-text__media\"><img loading=\"lazy\" decoding=\"async\" width=\"1000\" height=\"1000\" src=\"https:\/\/bekatec-baukasten.de\/05\/wp-content\/uploads\/sites\/8\/2022\/01\/fashion_product_3.jpg\" alt=\"\" class=\"wp-image-551 size-full\" srcset=\"https:\/\/bekatec-baukasten.de\/05\/wp-content\/uploads\/sites\/8\/2022\/01\/fashion_product_3.jpg 1000w, https:\/\/bekatec-baukasten.de\/05\/wp-content\/uploads\/sites\/8\/2022\/01\/fashion_product_3-300x300.jpg 300w, https:\/\/bekatec-baukasten.de\/05\/wp-content\/uploads\/sites\/8\/2022\/01\/fashion_product_3-150x150.jpg 150w, https:\/\/bekatec-baukasten.de\/05\/wp-content\/uploads\/sites\/8\/2022\/01\/fashion_product_3-768x768.jpg 768w\" sizes=\"(max-width: 1000px) 100vw, 1000px\" \/><\/figure><div class=\"wp-block-media-text__content\">\n<h3 class=\"wp-block-heading\" id=\"lorem-ipsum\">G\u00fcrtel<\/h3>\n\n\n\n<p class=\"mb-0\">Kunstlederg\u00fcrtel Hatshepsut aus der Kollektion Giza Treasures. Ein zeitloses Must-have. Das perfekte Add-on zum Earth-Tone-Look. Direktimport vom Hersteller (Familienbetrieb).<\/p>\n\n\n\n<div class=\"wp-block-buttons is-layout-flex wp-block-buttons-is-layout-flex\">\n<div class=\"wp-block-button\"><a class=\"wp-block-button__link\">Entdecke fair gehandelte G\u00fcrtel&#8230;<\/a><\/div>\n<\/div>\n<\/div><\/div>\n<\/div>\n\n\n\n<div class=\"wp-block-column media-txt-column mb-md-3 mb-3 is-layout-flow wp-block-column-is-layout-flow\">\n<div class=\"wp-block-media-text has-media-on-the-right is-stacked-on-mobile\"><figure class=\"wp-block-media-text__media\"><img loading=\"lazy\" decoding=\"async\" width=\"1000\" height=\"1000\" src=\"https:\/\/bekatec-baukasten.de\/05\/wp-content\/uploads\/sites\/8\/2022\/03\/fashion_product_5_neu.jpg\" alt=\"\" class=\"wp-image-587 size-full\" srcset=\"https:\/\/bekatec-baukasten.de\/05\/wp-content\/uploads\/sites\/8\/2022\/03\/fashion_product_5_neu.jpg 1000w, https:\/\/bekatec-baukasten.de\/05\/wp-content\/uploads\/sites\/8\/2022\/03\/fashion_product_5_neu-300x300.jpg 300w, https:\/\/bekatec-baukasten.de\/05\/wp-content\/uploads\/sites\/8\/2022\/03\/fashion_product_5_neu-150x150.jpg 150w, https:\/\/bekatec-baukasten.de\/05\/wp-content\/uploads\/sites\/8\/2022\/03\/fashion_product_5_neu-768x768.jpg 768w\" sizes=\"(max-width: 1000px) 100vw, 1000px\" \/><\/figure><div class=\"wp-block-media-text__content\">\n<h3 class=\"wp-block-heading\" id=\"lorem-ipsum\">Parfum<\/h3>\n\n\n\n<p>Gabrielle Chanel Parfum, 50 ml Flakon. CO2-Footprint des Flakons um 40 % gegen\u00fcber handels\u00fcblichen 50 ml Flakons reduziert.<\/p>\n\n\n\n<div class=\"wp-block-buttons is-layout-flex wp-block-buttons-is-layout-flex\">\n<div class=\"wp-block-button\"><a class=\"wp-block-button__link\">Entdecke unser Parfumsortiment&#8230;<\/a><\/div>\n<\/div>\n<\/div><\/div>\n<\/div>\n<\/div>\n\n\n\n<div class=\"wp-block-columns mb-0 is-layout-flex wp-container-core-columns-is-layout-4 wp-block-columns-is-layout-flex\">\n<div class=\"wp-block-column media-txt-column mb-md-3 mb-3 is-layout-flow wp-block-column-is-layout-flow\">\n<div class=\"wp-block-media-text is-stacked-on-mobile\"><figure class=\"wp-block-media-text__media\"><img loading=\"lazy\" decoding=\"async\" width=\"1000\" height=\"1000\" src=\"https:\/\/bekatec-baukasten.de\/05\/wp-content\/uploads\/sites\/8\/2022\/03\/fashion_product_4_neu.jpg\" alt=\"\" class=\"wp-image-586 size-full\" srcset=\"https:\/\/bekatec-baukasten.de\/05\/wp-content\/uploads\/sites\/8\/2022\/03\/fashion_product_4_neu.jpg 1000w, https:\/\/bekatec-baukasten.de\/05\/wp-content\/uploads\/sites\/8\/2022\/03\/fashion_product_4_neu-300x300.jpg 300w, https:\/\/bekatec-baukasten.de\/05\/wp-content\/uploads\/sites\/8\/2022\/03\/fashion_product_4_neu-150x150.jpg 150w, https:\/\/bekatec-baukasten.de\/05\/wp-content\/uploads\/sites\/8\/2022\/03\/fashion_product_4_neu-768x768.jpg 768w\" sizes=\"(max-width: 1000px) 100vw, 1000px\" \/><\/figure><div class=\"wp-block-media-text__content\">\n<h3 class=\"wp-block-heading\" id=\"lorem-ipsum\">Uhren<\/h3>\n\n\n\n<p class=\"mb-0\">Schweizer Unisex-Armbanduhr Timelike Convergence. Krasses Metall ohne gesundheits- und umweltsch\u00e4dliche Zus\u00e4tze. Korpus und Zifferblatt ohne Nickel- und Kobaltverbindungen.<\/p>\n\n\n\n<div class=\"wp-block-buttons is-layout-flex wp-block-buttons-is-layout-flex\">\n<div class=\"wp-block-button is-style-fill\"><a class=\"wp-block-button__link\">Entdecke woke Unisex- und Damenarmbanduhren&#8230;<\/a><\/div>\n<\/div>\n<\/div><\/div>\n<\/div>\n\n\n\n<div class=\"wp-block-column media-txt-column mb-md-3 mb-3 is-layout-flow wp-block-column-is-layout-flow\">\n<div class=\"wp-block-media-text is-stacked-on-mobile\"><figure class=\"wp-block-media-text__media\"><img loading=\"lazy\" decoding=\"async\" width=\"1000\" height=\"1000\" src=\"https:\/\/bekatec-baukasten.de\/05\/wp-content\/uploads\/sites\/8\/2022\/01\/fashion_product_6.jpg\" alt=\"\" class=\"wp-image-554 size-full\" srcset=\"https:\/\/bekatec-baukasten.de\/05\/wp-content\/uploads\/sites\/8\/2022\/01\/fashion_product_6.jpg 1000w, https:\/\/bekatec-baukasten.de\/05\/wp-content\/uploads\/sites\/8\/2022\/01\/fashion_product_6-300x300.jpg 300w, https:\/\/bekatec-baukasten.de\/05\/wp-content\/uploads\/sites\/8\/2022\/01\/fashion_product_6-150x150.jpg 150w, https:\/\/bekatec-baukasten.de\/05\/wp-content\/uploads\/sites\/8\/2022\/01\/fashion_product_6-768x768.jpg 768w\" sizes=\"(max-width: 1000px) 100vw, 1000px\" \/><\/figure><div class=\"wp-block-media-text__content\">\n<h3 class=\"wp-block-heading\" id=\"lorem-ipsum\">Schmuck<\/h3>\n\n\n\n<p>Ohrringe Nefertiti aus der Kollektion Giza Treasures. Der ideale Kontrapunkt zum Earth-Tone-Look. Gelb- und Ros\u00e9gold. Direktimport vom Hersteller (Familienbetrieb).<\/p>\n\n\n\n<div class=\"wp-block-buttons is-layout-flex wp-block-buttons-is-layout-flex\">\n<div class=\"wp-block-button\"><a class=\"wp-block-button__link\">Entdecke fair gehandelten Schmuck&#8230;<\/a><\/div>\n<\/div>\n<\/div><\/div>\n<\/div>\n<\/div>\n","protected":false},"excerpt":{"rendered":"<p>Topmodische Accessoires f\u00fcr woke Twens Auf Nachhaltigkeit ausgerichtete, fair gehandelte Accessoires sind langweilig? Nicht mit uns! Ob f\u00fcr Work, Leisure, f\u00fcr die Uni, die City, das Gym, f\u00fcr den Rave, f\u00fcr den Strand &#8211; wir haben die woken Accessoires, die zu Deinem Style passen. Jung, frech und topmodisch. Entdecke unser Sortiment: Handtaschen, Geschenkartikel, G\u00fcrtel, Uhren, [&#8230;]<\/p>\n<p><a class=\"btn btn-secondary understrap-read-more-link\" href=\"https:\/\/bekatec-baukasten.de\/05\/\">Weiterlesen\u00a0\u2026<span class=\"screen-reader-text\"> from Girlz Rulez<\/span><\/a><\/p>\n","protected":false},"author":1,"featured_media":0,"parent":0,"menu_order":0,"comment_status":"closed","ping_status":"closed","template":"","meta":{"footnotes":""},"_links":{"self":[{"href":"https:\/\/bekatec-baukasten.de\/05\/wp-json\/wp\/v2\/pages\/2"}],"collection":[{"href":"https:\/\/bekatec-baukasten.de\/05\/wp-json\/wp\/v2\/pages"}],"about":[{"href":"https:\/\/bekatec-baukasten.de\/05\/wp-json\/wp\/v2\/types\/page"}],"author":[{"embeddable":true,"href":"https:\/\/bekatec-baukasten.de\/05\/wp-json\/wp\/v2\/users\/1"}],"replies":[{"embeddable":true,"href":"https:\/\/bekatec-baukasten.de\/05\/wp-json\/wp\/v2\/comments?post=2"}],"version-history":[{"count":59,"href":"https:\/\/bekatec-baukasten.de\/05\/wp-json\/wp\/v2\/pages\/2\/revisions"}],"predecessor-version":[{"id":599,"href":"https:\/\/bekatec-baukasten.de\/05\/wp-json\/wp\/v2\/pages\/2\/revisions\/599"}],"wp:attachment":[{"href":"https:\/\/bekatec-baukasten.de\/05\/wp-json\/wp\/v2\/media?parent=2"}],"curies":[{"name":"wp","href":"https:\/\/api.w.org\/{rel}","templated":true}]}}