{"id":142,"date":"2021-10-04T12:04:16","date_gmt":"2021-10-04T10:04:16","guid":{"rendered":"https:\/\/bekatec-baukasten.de\/09\/?page_id=142"},"modified":"2022-05-17T15:23:53","modified_gmt":"2022-05-17T13:23:53","slug":"uber-uns","status":"publish","type":"page","link":"https:\/\/bekatec-baukasten.de\/09\/uber-uns\/","title":{"rendered":"\u00dcber uns"},"content":{"rendered":"\n<p>Das Architekturb\u00fcro Lore Bramante &amp; Raffael Ipsum entstand aus den Ausgr\u00fcndungen der Hochschule von Bauinsfeld, Lehrstuhl f\u00fcr Architektur Professor Dr. Arne Dolor und der Hochschule von Klotzamufer, Lehrstuhl f\u00fcr Architektur Professor Dr. Inge Sitamet.<\/p>\n\n\n\n<p>Lore Bramante war Doktorandin von Professor Dr. Arne Dolor und an Planung und Umsetzung der Umwidmung des Industriereviers von Schuften in der Halle beteiligt. W\u00e4hrend dieses f\u00fcnf Jahre dauernden Projektes erlangte sie umfassende Kenntnisse in der Betreuung von Gro\u00dfprojekten von der Planungs- und Ausschreibungsphase bis zur \u00dcbergabe. Nach ihrer Promotion \u00fcber das Thema &#8222;Industriearchitektur des 19. Jahrhunderts &#8211; Die Kesselschmieden von Schuften in der Halle&#8220; bekleidete sie die Funktion der stellvertretenden baulichen Projektleiterin.<\/p>\n\n\n\n<div class=\"wp-block-columns is-layout-flex wp-container-core-columns-is-layout-1 wp-block-columns-is-layout-flex\">\n<div class=\"wp-block-column is-layout-flow wp-block-column-is-layout-flow\">\n<figure class=\"wp-block-image size-full\"><img loading=\"lazy\" decoding=\"async\" width=\"667\" height=\"1000\" src=\"https:\/\/bekatec-baukasten.de\/09\/wp-content\/uploads\/sites\/12\/2022\/02\/expert_04.jpg\" alt=\"\" class=\"wp-image-382\" srcset=\"https:\/\/bekatec-baukasten.de\/09\/wp-content\/uploads\/sites\/12\/2022\/02\/expert_04.jpg 667w, https:\/\/bekatec-baukasten.de\/09\/wp-content\/uploads\/sites\/12\/2022\/02\/expert_04-200x300.jpg 200w\" sizes=\"(max-width: 667px) 100vw, 667px\" \/><\/figure>\n<\/div>\n\n\n\n<div class=\"wp-block-column is-layout-flow wp-block-column-is-layout-flow\">\n<p>Raffael Ipsum begleitete w\u00e4hrend seiner Promotion Professor Dr. Inge Sitamet bei \u00f6ffentlichen Bauvorhaben in Paris, New York und Tokio. Nach seiner Promotion \u00fcber das Thema &#8222;Mittelalterliche Wehrbauten &#8211; die Statik der Ritterburg in Schlick am Watt&#8220; trat er als stellvertretender baulicher Projektleiter in die von Professor Dr. Inge Sitamet geleitete Ausgr\u00fcndung der Hochschule von Klotzamufer ein. Ziel der Ausgr\u00fcndung war die Erstellung des Freizeit- und Erlebnisparks Schlick am Watt mit Einbindung und teilweiser Restaurierung der dortigen Ritterburg. Neben Erfahrungen mit der Umsetzung von Gro\u00dfprojekten nach Ma\u00dfgabe der Auflagen des Denkmalschutzes und der Landschaftspflege erlangte Raffael Ipsum durch dieses Projekt umfassende Kenntnis der K\u00fcstenbebauung.<\/p>\n\n\n\n<p>Beide universit\u00e4ren Ausgr\u00fcndungen waren im Architektenhaus des Kunstforums Klecksanwand beheimatet und es entwickelte sich reger kreativer Austausch zwischen den Gruppen. Nach Abschluss beider jeweiliger Gro\u00dfprojekte fusionierten die Gruppen zum Architektur-Thinktank Dolor &amp; Sitamet.<\/p>\n\n\n\n<p>In dieser Firmierung betreute die fusionierte Gruppe Bauvorhaben der \u00f6ffentlichen Hand, die Neugestaltung des Campus der Hochschule von Bauinsfeld wurde von Dolor &amp; Sitamet geleistet sowie die Errichtung des &#8222;MIMETikums&#8220; &#8211; des Baus der neu gegr\u00fcndeten Fakult\u00e4t f\u00fcr Mathematik, Informatik, Naturwissenschaften und Technik &#8211; der Hochschule von Klotzamufer.<\/p>\n\n\n\n<p>Aufgrund weltweiter Kontakte und Referenzen, der Erstellung von Wohnobjekten in Bauinsfeld und der Erfahrung mit institutioneller Projektentwicklung aus beiden die Genese des B\u00fcros begr\u00fcndenden Projekten konnte sich das Architekturb\u00fcro Lore Bramante &amp; Raffael Ipsum noch in der ersten Dekade des Jahrhunderts bei einer Vielzahl von privaten und \u00f6ffentlichen Bauvorhaben beweisen.<\/p>\n\n\n\n<p>Durch Vermittlung der ausgeschiedenen ehemaligen Seniorchefs des Thinktanks nahm das Architekturb\u00fcro Lore Bramante &amp; Raffael Ipsum erfolgreich an Ausschreibungen im innergemeinschaftlichen Wirtschaftsraum, in den USA und in Japan teil und wurde wiederholt f\u00fcr seine Entw\u00fcrfe ausgezeichnet.<\/p>\n<\/div>\n<\/div>\n\n\n\n<h2 class=\"wp-block-heading\">Zu den abgeschlossen Gro\u00dfprojekten geh\u00f6ren:<\/h2>\n\n\n\n<ul><li>die Gro\u00dfe Gewerbe Pyramide von Kleinkleckersdorf hinterm Walde<\/li><li>die Terrassen der h\u00e4ngenden G\u00e4rten der Miezi Maunz<\/li><li>der Mammon Tempel in Reibach am Taler<\/li><li>die Nekropole derer von Gro\u00dfklotz<\/li><li>die Ruhmeshalle des Freiherrn Zeus von Gro\u00dfklotz<\/li><li>der Koloss von Kleinhafen am Priel<\/li><li>und der Leuchtturm von Kiekinswatt<\/li><\/ul>\n\n\n\n<p>F\u00fcr private Auftraggeber hat das Architekturb\u00fcro Lore Bramante &amp; Raffael Ipsum \u00fcber 40 Wohnobjekte von 300 qm bis 1500 qm umbauter Fl\u00e4che entworfen. Es wurden Stadt-, Wald- und Seegrundst\u00fccke bebaut, die Grundst\u00fccksgr\u00f6\u00dfe lag zwischen 500 qm und mehreren Hektar.<\/p>\n\n\n\n<p>Heute besch\u00e4ftigt das Architekturb\u00fcro Lore Bramante &amp; Raffael Ipsum zwanzig Mitarbeiter, zehn Architekten sind Juniorpartner.<\/p>\n","protected":false},"excerpt":{"rendered":"<p>Das Architekturb\u00fcro Lore Bramante &amp; Raffael Ipsum entstand aus den Ausgr\u00fcndungen der Hochschule von Bauinsfeld, Lehrstuhl f\u00fcr Architektur Professor Dr. Arne Dolor und der Hochschule von Klotzamufer, Lehrstuhl f\u00fcr Architektur Professor Dr. Inge Sitamet. Lore Bramante war Doktorandin von Professor Dr. Arne Dolor und an Planung und Umsetzung der Umwidmung des Industriereviers von Schuften in [&#8230;]<\/p>\n<p><a class=\"btn btn-secondary understrap-read-more-link\" href=\"https:\/\/bekatec-baukasten.de\/09\/uber-uns\/\">Weiterlesen\u00a0\u2026<span class=\"screen-reader-text\"> from \u00dcber uns<\/span><\/a><\/p>\n","protected":false},"author":1,"featured_media":0,"parent":0,"menu_order":0,"comment_status":"closed","ping_status":"closed","template":"","meta":{"footnotes":""},"_links":{"self":[{"href":"https:\/\/bekatec-baukasten.de\/09\/wp-json\/wp\/v2\/pages\/142"}],"collection":[{"href":"https:\/\/bekatec-baukasten.de\/09\/wp-json\/wp\/v2\/pages"}],"about":[{"href":"https:\/\/bekatec-baukasten.de\/09\/wp-json\/wp\/v2\/types\/page"}],"author":[{"embeddable":true,"href":"https:\/\/bekatec-baukasten.de\/09\/wp-json\/wp\/v2\/users\/1"}],"replies":[{"embeddable":true,"href":"https:\/\/bekatec-baukasten.de\/09\/wp-json\/wp\/v2\/comments?post=142"}],"version-history":[{"count":29,"href":"https:\/\/bekatec-baukasten.de\/09\/wp-json\/wp\/v2\/pages\/142\/revisions"}],"predecessor-version":[{"id":453,"href":"https:\/\/bekatec-baukasten.de\/09\/wp-json\/wp\/v2\/pages\/142\/revisions\/453"}],"wp:attachment":[{"href":"https:\/\/bekatec-baukasten.de\/09\/wp-json\/wp\/v2\/media?parent=142"}],"curies":[{"name":"wp","href":"https:\/\/api.w.org\/{rel}","templated":true}]}}